reatest common divisor of j and v?
4
Let s(c) = 2*c**2 + 2*c - 1. Let u(d) = -9*d**2 + 8*d - 12. Let m(o) = 4*s(o) - u(o). Let j be m(4). What is the highest common factor of 80 and j?
40
Let k = 47 - 43. Let z be (k - 1) + (-1 - -174). Calculate the greatest common divisor of z and 22.
22
Suppose -23*k - 76681 + 239800 + 186504 = 0. Calculate the highest common factor of 9 and k.
9
Let w(i) = -5*i + 176. Let j = 307 - 274. Let l be w(j). Suppose -220 = -3*o - 2*o. What is the greatest common factor of l and o?
11
Let n(t) = t**2 + t + 979. Let k be n(0). Let r be (-22)/(66/(-81)) - -62. What is the greatest common divisor of k and r?
89
Suppose 3*d - 322 = -4*t + 716, 522 = 2*t + 3*d. Calculate the greatest common divisor of t and 1462.
86
Suppose -7*l - 83*l + 2430 = 0. What is the highest common divisor of l and 1359?
9
Let n(s) = -s - 1. Let i be n(2). Let j be 102/(-17)*(-10)/i. Let p be -1*16/(-4)*-1 - j. What is the highest common divisor of p and 12?
4
Let p be 75792/12 + -7 + 19. What is the greatest common factor of p and 56?
56
Let b(k) = -129*k + 3. Let i be b(-1). Let a = i + 11. Suppose c + 0*c = a. What is the greatest common factor of 13 and c?
13
Let u(k) be the second derivative of k**4/4 + 7*k**3 - 15*k**2 + 147*k. Let d be u(-15). What is the highest common factor of d and 405?
15
Let h = -3377 - -3457. Calculate the greatest common divisor of 440 and h.
40
Let r(c) be the third derivative of c**6/120 + c**5/5 + c**4/3 - c**3/3 - c**2 + 4. Let i be r(-7). Calculate the highest common factor of i and 17.
17
Let k be 12/(-30) - 152/(-5). Let w be (-2)/((30/640)/(6/(-4))). Let t be w/6 + (14/6 - 3). Calculate the highest common factor of t and k.
10
Let p = -9 - -17. Let u(v) = 11*v - 175. Let q be u(29). Suppose -14*f + 2*f + q = 0. What is the greatest common factor of p and f?
4
Let p = 8754 + -8388. Calculate the greatest common divisor of p and 3782.
122
Let t(g) = -25*g + 1. Let d be t(2). Suppose 3*n = -4*o - 164, 2*o - 21*n + 19*n + 68 = 0. Let l = o - d. Calculate the greatest common divisor of l and 99.
11
Let f be 186/3 + (-34 - -22). What is the greatest common factor of 8 and f?
2
Let c be (4/9)/(102/459)*20. What is the highest common divisor of 2020 and c?
20
Let p be 3*(-10)/(-9)*9/(-2). Let i be (2 + 0)*(p/(-10) - 7). Let v be (2 + -3 + -2)*(i - -3). What is the highest common factor of 216 and v?
24
Let l = 13390 + -7917. Calculate the greatest common divisor of 13 and l.
13
Let r = -3238 + 3257. What is the highest common factor of 5339 and r?
19
Let m = -195 - -313. What is the greatest common factor of 2183 and m?
59
Let w = -21940 + 22093. What is the greatest common factor of 31365 and w?
153
Suppose 97*n - 98946 - 75654 = 0. What is the greatest common divisor of 192 and n?
24
Suppose 302*g - 290*g - 5148 = 0. What is the highest common factor of g and 132?
33
Let y = 326 + -314. Let j(c) = 2*c**3 + 5*c**2 + 3*c + 3. Let d be j(-3). Let f = 27 + d. What is the highest common factor of f and y?
12
Let i be (10/(-15))/(-6 + (-2761)/(-462)). Calculate the highest common factor of i and 35.
7
Let w(g) = -5*g**2 - 62*g - 133. Let p(o) = 4*o**2 + 62*o + 132. Let z(y) = 3*p(y) + 2*w(y). Let b be z(-30). Calculate the greatest common factor of 80 and b.
10
Let q = -435 + 176. Let c = 289 + q. What is the highest common factor of 480 and c?
30
Let j(n) = 1 + 250*n**2 - 124*n**2 - 122*n**2 - 3*n - 4. Let k be j(3). Let b(v) = -4*v - 4. Let y be b(-3). Calculate the highest common factor of y and k.
8
Suppose -z = 8*s - 13*s - 1467, -4*s - 2892 = -2*z. Calculate the greatest common divisor of z and 24.
8
Suppose 1180 = 4*i + 3*b, 186*b - 188*b + 8 = 0. Calculate the highest common divisor of i and 28.
4
Let w be (-80)/70*308/(-16). Let o be 65/3 + 1/3. Calculate the highest common factor of o and w.
22
Suppose 10 = -2*y, -4*k + 6*k + 5*y + 19 = 0. Suppose 3*r = -k*b + 825, 2*b + r - 3*r = 542. Calculate the greatest common factor of 13 and b.
13
Let v(p) = -27*p**2 + 433*p. Let b be v(16). What is the highest common factor of b and 18064?
16
Suppose -841*q + 878*q = 64750. What is the greatest common factor of q and 10850?
350
Let q be (-59)/((3 - 1) + (-15)/6). Let z = q + -118. Suppose z = -c - 0*c + 3*y - 9, -c - 5*y = -31. What is the greatest common divisor of 24 and c?
6
Let w(h) = 3*h**2 + 24*h - 18. Let a be w(-6). Let s be (-450)/a - 4/3. Calculate the greatest common factor of s and 77.
7
Let r = 4588 - 4581. Let i be -1 + 3/6*2. Let f = 49 + i. Calculate the highest common divisor of r and f.
7
Suppose 1 = 35*y - 34. Let v be (60/3)/(2*(2 - y)). Suppose g + 3*d - 19 = 0, -2*d = -4*g + 36 - 2. Calculate the highest common divisor of g and v.
10
Let c be -3*(-327)/36 - (-7)/(-28). Suppose 3*n = -3*i + c, -2*i - 16 = -2*n + 18. Let p be 197/5 - 4/10. Calculate the greatest common factor of p and n.
13
Let v = 56 + -43. Let h be v/(-4) + ((-60)/16 - -4). Let f be (30/9)/(h/(-27)). What is the greatest common factor of 20 and f?
10
Suppose -3*o + 256 = -3*h + 64, 2*h + 260 = 4*o. What is the highest common divisor of o and 24?
6
Let q(j) = 11*j - 1. Let w be q(1). Let x be (384/6)/(-4*1/(-10)). What is the highest common factor of w and x?
10
Let p be 100/14*(-213 + 220). What is the highest common divisor of 320 and p?
10
Suppose -27*h = -6*h + 17*h - 1368. Let u = -24 + 40. What is the highest common divisor of u and h?
4
Let z(r) = -r**3 + 16*r**2 + 20*r - 29. Let a be z(17). What is the highest common divisor of 3278 and a?
22
Suppose n + 46*f = 48*f + 33, -141 = -3*n - f. What is the greatest common factor of 1440 and n?
45
Let z = 3391 + -2071. Suppose 0 = -11*g + 16*g - z. What is the highest common factor of 33 and g?
33
Suppose r + 0*b + 2*b - 66 = 0, 2*r - b = 117. Suppose 2*y = -d - 47, r = -d + y + 10. Let w = d - -65. Calculate the highest common divisor of w and 112.
16
Suppose -5*h = s - 64, 4*s - 160 = 15*h - 11*h. What is the greatest common factor of 2552 and s?
44
Let z(v) be the third derivative of v**6/120 + v**5/6 - 31*v**4/24 + 11*v**3/6 - 131*v**2. Let c be z(-12). What is the greatest common factor of c and 133?
19
Suppose 0 = -0*f - 2*f - 2, i - 19 = f. Let h be (-18 - (-1463)/76)*3720/25. Calculate the greatest common divisor of i and h.
6
Let v(i) = 35*i**2 - 3*i + 25. Let z be v(-6). Suppose 3*l = -g + 331, -z = -5*g - l + 394. What is the greatest common factor of g and 136?
68
Suppose 4 = i, 290 = -3*r + 2*i + 1272. Let b be 34/20*5 - 3/(-2). Calculate the highest common divisor of b and r.
10
Let z be 3 - (-80)/(-25) - (-4496)/80. Calculate the highest common factor of 63 and z.
7
Suppose 78*o - 16 = 296. Let m(h) = -h - 2. Let a be m(-2). Suppose a = 5*s - 104 + o. Calculate the highest common factor of s and 160.
20
Let q be (-6)/15 + (-1708)/5. Let t = -322 - q. What is the highest common divisor of 220 and t?
20
Let l be (15/(-10))/(14/(-4932)) - 78/182. What is the greatest common divisor of l and 132?
132
Suppose -18*q + 5 + 85 = 0. Let h(c) = 3*c**2 - 3 + 21*c - 15*c + 10. Let k be h(q). What is the greatest common divisor of 56 and k?
56
Let k = 1920 - 91. What is the greatest common factor of k and 59?
59
Let b(l) = 26*l**2 + l - 3. Let c be b(3). Let v(q) = 24*q**3 + 96*q**2 - 15*q + 12. Let i be v(-4). Calculate the greatest common factor of c and i.
18
Let t be (1/2)/(8/(-20704)*2). Let q = t + 674. What is the highest common factor of 1 and q?
1
Let j(s) = -2*s**2 - 347*s + 6556. Let b be j(-190). Let p be 1 + -2 - (1 + -46). What is the highest common factor of b and p?
22
Suppose 3*o - 39 = 5*k - 2*k, 4*o - 55 = 3*k. Suppose y + 375*s - 370*s = 231, 0 = -2*y + 5*s + 537. What is the greatest common factor of y and o?
16
Suppose 40 = 4*z - 4*n, 0*n - 4*n = -3*z + 35. Suppose 5*l + 7 + 198 = 5*u, -3*l - 3 = 0. Calculate the greatest common divisor of z and u.
5
Let q = 377 - 340. Suppose 0 = -4*s - 7*j + 2*j + q, j + 7 = s. Calculate the greatest common divisor of s and 104.
8
Suppose 6*q - 2*q = 56. Suppose -4*l + 89 + 227 = 0. Let b = l + 19. Calculate the highest common factor of q and b.
14
Let w(j) = -2*j**3 + 11*j**2 + 31*j - 140. Suppose 5*r - 29 = -4*n - 0*r, 3*n - 3*r = 15. Let z be w(n). What is the highest common divisor of z and 1440?
10
Suppose -